+ 14 - (-2 + 59)
-63
Evaluate -5 + (-10 - -6 - -41 - -8) + -4.
36
Evaluate -5 + -13 + 5 - (67 - (70 + -37)).
-47
Calculate 714 + -780 - (5 - -34).
-105
Evaluate -58 - (74 + -73 - 100).
41
2 + 16 + -34 + (-5 - 3) - (0 + -2)
-22
What is the value of 6 - -4 - (42 - 28) - (67 + -2)?
-69
Calculate (-2 - 29) + 0 - (21888 + -21984).
65
Evaluate -4 + -2 + (-1 - 8) + (-52 - -19) + 23.
-25
Calculate (7 - 2) + 15 + 4 + -7 + -13 + -11.
-7
What is 33 - ((47 - (27 + -11)) + 0)?
2
1 - (-5 - -3) - (0 + 53 + -64) - 6
8
What is the value of -70 + -26 + 4 + (-7 - (5 - (18 + -4)))?
-90
Calculate (-71 - -39) + -1 + 30 + -18 + -3.
-24
Calculate -1 + -55 + (3 - (-11 - (-36 + 1)) - -20).
-57
Evaluate (-6 - -35 - 14) + -2 + -38.
-25
What is -52 + 13 + -83 + 86?
-36
(6 - 13) + 166 + -15 + -21 + -19
104
Calculate (12 - 46 - -10) + -5 + (-1 - -3) + 0.
-27
What is the value of 2571 + -2381 - (-6 - (-3 + -49))?
144
Calculate ((7 - 45) + -9 - -5) + (-6 - -2 - 2).
-48
What is -117 + 8 + (-47 - -242)?
86
What is the value of -2 + 0 + 9 + -9 - ((-9 - -4) + 52)?
-49
What is the value of (-8 - -3) + -4 + 1 + -4 + (-102 - -17)?
-97
Calculate -24 + (-4 - -10) + -81 + 54.
-45
Calculate (129 - (130 - -16)) + 1 + 2 + -4.
-18
Evaluate 21 + (-6 + 5 - -19 - (-14 + 25)).
28
Calculate (19 - 11 - -6) + -3 - (26 + (0 - -2)).
-17
What is the value of -5 + (-130 - -102) + 35 + -3?
-1
What is the value of (-987 - -987 - ((1 - -9) + -1)) + (0 - 78)?
-87
-3 + (-1 - 22) + 52 + 6
32
What is (-17 - (-27 + 10) - (-18 + -2)) + -12?
8
19 + (-1 - -3) - (-47 + -34 + 52)
50
What is the value of (92 - 35 - 74) + -15?
-32
What is the value of -35 - -1 - (-56 - -22) - 65?
-65
What is 13 + 7 + -14 + -33 + 20 - 37?
-44
(-1164 - -1145) + 1 + 30 - (74 - 4)
-58
Evaluate 46 + (-48 - (-5 - -29)).
-26
Calculate -29 - ((-101 - -13) + 6 + 36).
17
0 + -4 + (-28 + 2 - 3 - (50 - 36))
-47
What is (-38 + 5 - -11 - -27) + 1?
6
What is the value of -264 - -216 - (9 - (-6 - -2))?
-61
What is 12 - ((-4 - 4 - -13) + -99 - (-4 - -8))?
110
Evaluate -11 + 18 + (-10 - (2 + -18)).
13
What is -12 - (-14 - -68) - -24?
-42
(-1 - 9) + -15 + (10 + -17 - -12)
-20
What is (-42 - (9 - 8)) + (12 - 2 - 6) - -8?
-31
34 + -31 + -17 + 25 - (5 - 3 - 40)
49
What is the value of 29 - (40 - 0) - (-7 + 3 + -1)?
-6
What is the value of (-5 - -7) + -1 + -3 + 0 + 0 + -9?
-11
-112 - (128 - (293 - -22))
75
What is 11 + 1 + -60 + 63 + -32?
-17
(-2 - -8) + (-288 - (-339 - -156))
-99
Evaluate (-9 - (-48 + (21 - -11))) + 19.
26
Evaluate (-2 + -3 - -50) + 2 + 19 + -48 + 14.
32
(20 - (97 - 17)) + 15 + 2
-43
Calculate 66 - (-19 + 182 - 23).
-74
-10 + (9 + -6 - 11) + (95 - 87)
-10
Evaluate (16 - (1 + -1)) + (1018 - 1005).
29
What is the value of 67 - (-30 + 18 + 28)?
51
Calculate (47 - 29) + -25 + (2 - -8).
3
Evaluate 2 + (-7 - -9 - 8) - (26 + -21 + 41).
-50
Evaluate -5 + (0 - (2 + 0) - (1530 + -1590)) + 6.
59
What is the value of (-24 - (-179 + 116)) + -98?
-59
What is 554 - 541 - (74 + (4 - 3)) - (1 - -3)?
-66
Evaluate (7 - 62) + 72 + -157 + -11 + 7.
-144
What is the value of 9 + 31 + (4 - 56)?
-12
Evaluate -341 + 373 - (73 + 2).
-43
What is (15 + -1 + -1 + 1 - 20) + 36?
30
What is -17 + 9 - 13 - -12 - (41 - 43)?
-7
(-79 - -127) + -113 + (-22 - 0) - (-2 - 1)
-84
Evaluate 20 - 4 - -4 - (33 - 18 - 12 - -4).
13
What is the value of (30 - (7 + -6)) + 29 - (-27 + 4)?
81
(-19 - -29) + -17 + 3
-4
Evaluate (9 + -12 - (4 - 1)) + (93 - 46) + 10.
51
What is the value of (-387 + 296 - -86) + (-32 + 0 - 0)?
-37
Calculate -62 + (161 - 96) + -6 + -1.
-4
Evaluate (-26 - (-23 + -2)) + -34 - (-3 - 16).
-16
What is (35 - (-59 + 86)) + 24?
32
Calculate -54 - (-48 - (50 + -34)) - (1 - 40).
49
Evaluate (-18 - (509 + -522 + -8 + 1)) + -33.
-31
What is -1 - 4 - (-118 - -109) - (43 - -10)?
-49
Calculate 123 + (-6 + 14 + 19 + -14 - 20) - 2.
114
Evaluate -2 - -48 - (-894 + 954).
-14
What is the value of 5 + 2 + 1 + 0 + -393 + 352?
-33
Evaluate 94 + -73 - (-7 + -12).
40
What is (76 - (86 - 101)) + -114?
-23
What is the value of 6 + (-11 - (15 + -8)) + -34 + 75?
29
(6 - -146) + -141 + (-49 + 0 - 0)
-38
What is the value of (23 + -14 + -7 - (-2 - 14)) + -41?
-23
What is -17 + 86 + -186 + 154?
37
What is the value of 6 - (15 + (4 - 4)) - (11 + -18 + 1)?
-3
What is the value of -457 - -393 - (3 + -47)?
-20
-2 - ((31 - 15 - -25) + -10 - (1 - 11))
-43
-51 - (-16 - (-26 + 49)) - (0 + 1)
-13
(-98 - -80 - (-27 - 2)) + -9
2
Evaluate 8 + (19 + (9 - 12) - 66).
-42
Evaluate -15 + (-9 + -9 - -84).
51
((28 - -15) + -53 - (-25 + -1 + 1)) + 8
23
Calculate -137 + -2 + (-2 - -4) + (-91 - (19 + -115)).
-132
(3 - -2) + 2 + -7 + 45 + -5 + -8
32
What is the value of (12 - -2 - (13 + -13)) + -59?
-45
Calculate (1 - -1) + (-1 - 14) - (-91 - (-9 + -75)).
-6
What is -7 - (-4 - -5) - -5 - (19 + -9 + 30)?
-43
53 + (8 - (19 - (26 + -8)))
60
What is 6 + (28 + 0 - -5) + 11 + -8 + -5?
37
What is (39 - 9) + -8 + -88 - 37?
-103
What is the value of 25 - -2 - (-193 + (121 - 33))?
132
Evaluate (9 - (1 - -31) - -8) + -15.
-30
(-1 - (1 - 25)) + -12 + 15 + 5
31
Calculate (1 - 48) + (4 - (-47 + 29)).
-25
What is (33 - 1) + (2 + -17 + 10 - (-6 + 11))?
22
(5 - (10 + -134)) + 3 - (6 + 14)
112
8 + -3 - (2 - 3) - (-121 + 185 - 106)
48
0 + -43 - (2 + -2 + (-18 - (-24 - -7)))
-42
Calculate -2 + -25 + (20 - 28) + 23 + -27 + 25.
-14
What is the value of -128 - (3 - -2 - (21 - (-43 - -64)))?
-133
What is the value of 36 + (-11 - 133 - -91)?
-17
(-31 - -22) + 78 + (3 - (-2 + -2)) - -2
78
Calculate 7 + (2 - -7) - (4 + (22 - 10)).
0
(11 - (22 + -21) - -2) + -13 - (-1 - -1)
-1
What is 25 + -11 + -14 + (43 - -4)?
47
What is the value of (1 - 2) + 43 - (19 + (-41 - -25))?
39
What is (45 - 202) + 72 + 153?
68
Calculate -480 + 566 + -69 - (1 + -1 + 29).
-12
51 + 3 + ((9 - 7 - 6) + 3 - 9)
44
Calculate (-57 - 0) + 5 + -6 - (-4298 - -4318).
-78
What is the value of -121 - (533 + -490 - (32 - 4))?
-136
What is 4587 - 4556 - (2 - -95)?
-66
What is the value of -69 + (13 - 1 - (28 + -14 + -5))?
-66
Calculate 7 + -22 - (23 - (1 - -41)).
4
Evaluate 2 + 35 + (-200 - -115).
-48
Evaluate (-11 + -43 - -9) + (-5 - 7) + 13.
-44
What is 3 + -7 + -2 + -1 + (29 + -124 - -15)?
-87
What is -6 - ((11 - 5 - (80 + -14)) + 8 + 1)?
45
28 + (4 - (-15 + 9 + 3 + 6 + -7))
36
Evaluate (-65 - 1) + (-8434 - -8580).
80
Calculate 1 + 52 - (24 + -12 + 5 + -15).
51
Evaluate 2 + 45 + -78 + 70.
39
What is 40 - (2 + 3) - (35 - (51 - 21))?
30
What is -91 + 0 - (1637 + -1655)?
-73
-9 - ((15 - 1) + -60 - 11) - -6
54
What is the value of 86 + -82 + -112 - -158?
50
(34 - 56) + 68 - 17
29
What is -7 + 2 + -3 + -78 - (7 + 9 + -19)?
-83
(-3 - -18 - (-461 - -492)) + (-47 - 1)
-64
What is (1 - (40 + (-5 - 18 - -11))) + -2?
-29
Evaluate 2 - -3 - ((33 - 90) + (6 - -11)).
45
What is the value of -17 - -52 - 54 - 1 - 39?
-59
What is 2 + -15 + 50 + -21 + -4 + 9?
21
-22 + 1 + (41 - (36 + -24 + 0))
8
What is -20 + (-171 + 160 - (-71 + 2))?
38
Evaluate -3 + (0 + (-1 - -85) - (103 - (194 - 98))).
74
Evaluate (-28 + 69 - 43) + 40.
38
What is the value of -16 - (101 - (19 - -38) - ((2 - 15) + -1))?
-74
Evaluate -212 - -119 - -118 - (-1 + 5).
21
Evaluate -10 + (3 + -2 + -2 - (-112 - (8 - 36))).
73
What is -46 + (0 - (-27 + 20)) + (11 - 3)?
-31
What is the value of 0 + 15 + 4 + -11 + 5 + -1?
12
43 + -53 + 5 + 0 - (84 - 0)
-89
What is (-15 - (1 + -20)) + 22 + -42 + 58?
42
Evaluate 22 + -5 + -7 + (14 - 9 - 25).
-10
What is -3 - (-3 + -3 + 6 + -222 + 212) - -10?
17
Evaluate 20 + -17 + 15 + 3.
21
-68 + (65 - -15) + -24
-12
What is 1 + -24 + 9 + -43 + 3?
-54
What is the value of -109 + -64 + 183 + -16?
-6
Calculate (-3 - 2) + (11 - -32) + (-11 - -1).
28
What is 81 + (-185 - (-7 - 93))?
-4
(0 - 14) + 216 + -203 + -13 + -44
-58
23 - (1 - (27 + (9 - 28)))
30
What is the value of 218 + -151 + -10 + (0 - (-6 + 1))?
62
What is (1 + (-4 - -3) - (-3 - 79)) + 3165 + -3160?
87
0 - 33 - (-7280 - -7300)
-53
What is (-56 - -23 - -52) + 3 + (-3 - 102)?
-83
What is (27 - 8) + (-4 - 83) + -19 + 2?
-85
76 - (2 + 40) - 21
13
Evaluate -59 + (-79 - -95 - 25).
-68
What is the value of -176 + 180 - ((-4 - 0) + (-46 - -44) - 6)?
16
(46 - (33 + -66)) + -42 + -3
34
Evaluate 7 - (-8 + -1 + ((0 - 3) + 12 - 5)).
12
Calculate 3 + 4 + -89 + 86 + -38.
-34
What is the value of -3 + (9 - -6) + -10 + -13 + -17 + 10?
-18
Evaluate 6 + -91 -